 2*i = 3, 3*c = 4*i - 3. What is the units digit of 3/c*21 + 0?
1
Let q = 26 - 28. What is the tens digit of (-295)/(-9) - q/9?
3
What is the tens digit of 4/26 - (-3609)/117?
3
Let s(f) = 2*f**2 - 7*f + 7. What is the units digit of s(7)?
6
Let c = -1 - -5. Let f(p) = c*p - 2 + 2 - 2*p. What is the units digit of f(1)?
2
Let v be (-4 + 7)*(-1)/3. What is the units digit of 1*(12 - v) + 1?
4
Suppose 5*c = -2*m - 5 - 9, -2*m + 3*c + 2 = 0. Suppose 5 + 0 = -5*t. What is the units digit of (-3 - m)/(0 + t)?
1
Let h = -13 - -10. What is the units digit of (9/6)/(h/(-72))?
6
Let o(u) be the third derivative of u**5/60 - u**4/24 + 3*u**2. Let i be o(5). Suppose f = -0*f, 4*h - f = i. What is the units digit of h?
5
Suppose 0 = 6*w - 8*w + 102. Suppose -3*x + w = -3. What is the tens digit of x?
1
Let o(j) = -4*j - 9. Let w be o(-6). Suppose -q - 1 - 2 = 3*k, 5*k + w = 0. Let p = q - 4. What is the units digit of p?
2
Let y(d) = d - 4. Suppose -2*q + 2 = 12. Let n be y(q). What is the tens digit of 8*(n/(-6) - 0)?
1
Suppose 7*g = 3*g. Let a be -4 + 2/(g - -1). Let b = 17 - a. What is the units digit of b?
9
Let i be (2/(-5))/(5/75). Let u = 15 + -6. Let g = i + u. What is the units digit of g?
3
Let n(m) = 0*m**3 - 3*m**2 + m**3 + 3*m + m - 1 - 6*m. What is the units digit of n(4)?
7
Let b(t) = t**3 + 2*t - 1. Let p be (-1)/(-5) + (-8)/(-10). Let g be b(p). Suppose -m + 43 = 4*m + g*k, 3*m = -2*k + 29. What is the units digit of m?
7
Let y be ((-3)/2)/((-6)/(-32)). Let i(m) = 13*m**2 + m - 1. Let k be i(1). Let a = k + y. What is the units digit of a?
5
Suppose b + 0 = 4. Suppose -2*r + 70 = b*w, -r - 77 = -5*w - 0*r. What is the tens digit of w?
1
Let l(a) = a**3 + 6*a**2 + 4*a + 1. Let h be l(-5). Let m(j) = -4 + 1 + 3*j - 6. What is the units digit of m(h)?
9
Let k be 15/(-6)*-8*-1. What is the tens digit of k/1*(1 + -2)?
2
Let x be (2 - -4)/3 + 3. What is the units digit of 474/15 + 2/x?
2
Let j be 18/(-21)*(8 - 1). What is the units digit of -2*3*4/j?
4
Let z = 112 - 48. Suppose 0 = -4*r + 32 + z. What is the units digit of r?
4
Suppose -6 = -3*l + 54. Suppose l = 5*w, w + 0 - 4 = v. Suppose 3*x + 1 - 4 = v. What is the units digit of x?
1
Let y be (-3)/(-2 - (-15)/12). Suppose -y*j = 2*t + 10, -2*j + 15 = t - 4*j. Suppose -t*k - 5 = -6*k. What is the units digit of k?
5
Suppose 35*j = 20*j + 4095. What is the hundreds digit of j?
2
Let d(i) = -i**2 - 11*i + 16. Let s(g) = -12*g**2 + g - 1. Suppose 3*r - 12 = -3*b - 3, -5*b + 1 = -2*r. Let y be s(b). What is the units digit of d(y)?
4
Let s = -5 + 10. Suppose s*k = 4*q + 11 - 80, -q + 3*k + 19 = 0. What is the units digit of q?
6
Suppose -8*h = -8 - 312. What is the tens digit of h?
4
Let p = 9 - 6. Let o = 6 - p. Suppose a = -o*a + 20. What is the units digit of a?
5
Let y(g) = g**3 + 7*g**2 + 3*g + 2. What is the units digit of y(-3)?
9
What is the hundreds digit of (1/(-1))/(5 - (-2692)/(-538))?
2
Suppose 4*b = 5*d + 215, 0*b - 3*b - d = -166. Suppose -10 - b = -5*y. Let m = -5 + y. What is the units digit of m?
8
Suppose -b - 3 = 7. Let c be 2/b + 812/35. Suppose 0 = -3*f + 2*z + c, 0 = -2*f - 2*f - z + 27. What is the units digit of f?
7
Suppose 131*s - 132*s + 134 = 0. What is the units digit of s?
4
Suppose -2*r + 276 = 2*r. What is the units digit of r?
9
Let m be -2 - -4 - (1 + -1). Suppose -4*w - 21 = -a, -m*a = -3*a + 2*w + 19. What is the tens digit of a?
1
Let u = -7 + 16. Suppose 0 = -u*p + 4*p + 15. What is the units digit of 3*(-2 + 23/p)?
7
Let a = -21 + 3. Let x = 12 + -4. What is the units digit of a/x*16/(-6)?
6
Let d(j) = -j**2 + 13*j - 12. Let r(o) = -o**2 + 13*o - 13. Let q(z) = -6*d(z) + 5*r(z). Let n be q(9). Let m = n + 40. What is the units digit of m?
1
Suppose 0 = 2*b - 5*g - 59, 5*b - g = -2*g + 80. Let y = 16 - 20. Let r = y + b. What is the tens digit of r?
1
Let z = 18 - 10. Suppose 2*o = 3*b - 41, o = 4*b - z*b + 51. What is the units digit of b?
3
Let r be (-36)/(-21)*(-1 - -8). Let h = -1 + r. What is the units digit of h?
1
Let x(t) = -4*t + 6. Let d be x(12). Let y = d - -86. What is the tens digit of y?
4
Let p(i) = -i**3 + 5*i**2 + 8*i - 1. What is the units digit of p(6)?
1
Suppose l - 5*c + 663 = 4*l, -4*l = -2*c - 858. What is the units digit of l?
6
Suppose 0 = 3*u - f + 4, -15 = 5*u - 4*f + 1. Let k = u + 8. What is the units digit of (1 - 0)/1 + k?
9
Suppose 0 = a + a - 10. Suppose a + 1 = -3*k. Let h(s) = 3*s**2 + 2*s - 1. What is the units digit of h(k)?
7
Suppose -2*j + 5*j - 231 = 0. Suppose 5*h = -4*o + j, o + 4*o - 92 = -2*h. What is the units digit of o?
8
Suppose -3*j = h - 209, -j + h = -h - 79. What is the tens digit of j?
7
Let r(w) = -2*w**3 - 2*w**2 - 2*w - 1. Let p(a) = a**2 + 5*a - 7. Let j be p(-6). Let v be r(j). Suppose 0 = -q - 0*q + v. What is the units digit of q?
1
Let m = 6 + -5. Let b(z) = 67*z**3 + z**2 + z - 1. Let g be b(m). Suppose g = 4*w + 12. What is the tens digit of w?
1
Suppose -l - 93 = -2*l. What is the units digit of l?
3
Let k be (-8)/(-6) + 2/(-6). Suppose -p + x + 3 = k, 5*x = -2*p + 25. Suppose p*l - w = 12, l - 4*w + 6 = -l. What is the units digit of l?
3
Suppose 2*j + j + 3 = 0. Let c(m) = 19*m**2 + 2*m + 1. What is the tens digit of c(j)?
1
Let v(c) = c**3 - c**2 + 8. What is the units digit of v(0)?
8
Let q be -15*((-4)/3 + 1). Suppose q*p - 4*p - 5 = 0. Suppose 4*x - 38 = -2*g, p*g - 70 = -7*x + 2*x. What is the units digit of g?
9
Let s(g) = 2*g**2 - 11. What is the units digit of s(-4)?
1
Suppose -2*x = x - 51. Suppose 5*y = 4*a - x, -3*a = -0*a + 3*y - 33. What is the units digit of a?
8
What is the units digit of 104/(-18) + 6 - (-2077)/9?
1
Suppose 2*u = -10, -3*f + 5*u + 11 = 1. Let j(r) = -r**3 - 5*r**2 + 3. Let k be j(f). What is the units digit of -2 + 4 + k + -2?
3
Let g = 0 + 5. Suppose -w = -g*l - 0*w + 5, -4*l + 5*w - 17 = 0. Suppose 2*p - 18 = l*q, -5*q - 37 = p - 4*p. What is the units digit of p?
4
Let b(v) = v + 7. Let h be b(-4). Suppose h*c - 24 = 60. What is the units digit of c?
8
Let p(b) = 2*b**2 + 6*b + 5. What is the units digit of p(-5)?
5
Let g = 0 + 0. Suppose -t - 4*d + 2 + 0 = 0, g = -d. What is the units digit of t?
2
Let s(i) = 12*i**2 + 4*i + 7. What is the tens digit of s(-4)?
8
Let t(c) = -32*c + 4. What is the units digit of t(-3)?
0
Let s be 6/(-9) - 55/(-15). Suppose -5*b + 77 = -3*u, 16 = -u - s*u. What is the tens digit of b?
1
Suppose 0 = 3*j - 3*y, -2*y = j - 3 - 3. Suppose -j*d + 37 = -45. What is the units digit of d?
1
What is the units digit of 3*(-9)/(135/(-80))?
6
Let f be 2/(-1) - (0 + -236). Suppose 3*y - f = -66. What is the units digit of y?
6
Let w(h) = -2 + 0*h + 2 - h - 1. Let q be w(0). What is the tens digit of 2*q + 19 + -5?
1
What is the units digit of 84 + 2 + (2/1 - 4)?
4
Suppose 4*o = -w + 56 + 95, -2*w - 2*o = -272. What is the tens digit of w?
3
Let p = 113 - 75. What is the units digit of p?
8
Suppose 9*t - 72 = -0*t. Suppose -1 = z - 4*g + 8, -z - 14 = -5*g. Suppose -t*w - 12 = -z*w. What is the units digit of w?
4
Let c(q) be the third derivative of -1/120*q**6 + 0 + 0*q**3 + 7/24*q**4 + 3*q**2 + 0*q + 1/12*q**5. What is the units digit of c(6)?
6
What is the tens digit of 550/14 + 6/(-21)?
3
Let a = -22 - -54. Suppose 0 = 4*u - 8 - a. Suppose u = 7*h - 2*h. What is the units digit of h?
2
Suppose -4*y - 6 = -3*t, 3*y + 4*t - 6*t = -5. What is the units digit of 6 + y + 18 + 3?
4
Let j(g) = 10*g - 3. Let d be j(3). Suppose 5*h - d - 18 = 0. What is the units digit of h?
9
What is the units digit of (2 - (-32)/(-20))*70?
8
Let n = -270 - -490. What is the units digit of n?
0
Suppose 0 = 5*s - 2*k + 4, 0*s - 4 = -5*s - 2*k. Suppose s*w - w = -2. Suppose 0 = o + 3*v - w*v - 5, 0 = 4*o - 5*v - 38. What is the units digit of o?
7
Let w = -1 + 3. Let f(b) = 4*b**2. What is the units digit of f(w)?
6
Let h = -6 - -8. Suppose h*k = 3*o - 2*o - 13, 2*o + 4*k + 14 = 0. Suppose o*v = -x + 14, x - 5*x + 22 = -5*v. What is the units digit of x?
8
Let c be 3/12 - (-59)/4. Let g(l) = -5*l + 1. Let f be g(1). Let z = c + f. What is the tens digit of z?
1
Let p(q) = q. Let b(a) = -6*a**2 - 6 - 4*a + 5*a**2 - 3. Let u(w) = -b(w) - 4*p(w). What is the units digit of u(0)?
9
Let k be (-2 + 1)*2 - 13. Let s = k - -9. What is the tens digit of (21 + 1)/((